mon divisor of 6000 and g?
10
Let t be (-31916)/(-303) - 4/3. Calculate the greatest common factor of 2704 and t.
104
Suppose -9*r + 15*r = 42. Let z = -182 + 321. Suppose 2*t = -d - 3*d + 558, d + t - z = 0. Calculate the highest common divisor of r and d.
7
Suppose 13*b + 6 = 15*b, 0 = t - 2*b - 3474. What is the highest common divisor of t and 3770?
290
Let d = 67 - 88. Let f = 21 + d. Suppose -11*z + 690 + 14 = f. Calculate the greatest common factor of 16 and z.
16
Suppose -2*q = 4*i - 5*i - 4, 2*i = -5*q + 19. Let d be (-40)/(1/(-11 + q)). Calculate the highest common factor of 40 and d.
40
Let o(i) = i**2 + 11*i + 20. Let j(n) = -2*n + 3. Let x be j(6). Let q be o(x). Let a be (7/28)/(q/152). Calculate the greatest common factor of a and 95.
19
Let y = 1518 - 1514. Calculate the greatest common factor of y and 272.
4
Suppose 4*c = -u + 632, 4*c - 4*u + 0*u = 632. What is the highest common factor of 8374 and c?
158
Let r = 123 - -1907. Calculate the highest common factor of r and 70.
70
Suppose -126177 - 219039 = -58*r. What is the highest common divisor of r and 93?
93
Let t be (26/91)/((-48)/(-12264)). Calculate the greatest common factor of t and 15257.
73
Let n(w) = -8*w - 83. Let a be n(-19). Suppose -213 = -4*c - 4*k - a, 5*k + 30 = c. What is the highest common divisor of 5 and c?
5
Suppose 533*t + 539*t - 1070*t = 6. Calculate the highest common divisor of 8 and t.
1
Let j(r) = -16*r - 2. Let o = -166 - -161. Let w be j(o). What is the highest common divisor of 18 and w?
6
Let q = -12628 - -12644. Calculate the greatest common divisor of 612 and q.
4
Suppose 2*d + 40 = 4. Let u be (-3)/d*-2 - 4/6. Let p be ((-4)/(-2))/u + (49 - -3). What is the greatest common factor of p and 10?
10
Suppose -3*h = -6*l + 153, l - 32*h + 35*h = 43. Suppose 3*z - 331 = o, -2*z + 118 + 81 = -5*o. Calculate the highest common factor of l and z.
28
Let x(f) = f**3 + 3*f**2 - 9*f - 4. Let z be x(-5). Let b = z - -21. What is the greatest common divisor of 12 and b?
12
Let k = -61 + 129. Let x be 5/((-750)/(-12)) - (-594)/75. Suppose k - x = t. What is the highest common factor of 15 and t?
15
Suppose 2*g = -p + 10, -g - 3*p + 5 = p. Suppose 3*o + 13*b - 15*b - 224 = 0, -g*b = o - 103. What is the greatest common divisor of o and 2?
2
Suppose 134*a = 158221 - 10553. What is the highest common factor of 87 and a?
29
Let z be (-4)/(-14) + -2*15/(-70)*11. Suppose -11 = -2*y - 2*y - 3*c, 25 = 2*y - 5*c. Suppose y*j = 2*j + 120. What is the greatest common divisor of j and z?
5
Suppose -5*z + 2*z = 5*f + 7, -4*f = -z - 8. Let n be (31284/54)/(5/3 - f). Calculate the greatest common divisor of 79 and n.
79
Suppose -2*p = 4*k - 158, p = -3*k + 2*p + 121. Let l be -51 + (-7230)/960*-32. Calculate the greatest common factor of l and k.
10
Suppose 3676 = 6*h + 1048. Let a = h + -417. Calculate the greatest common divisor of 12 and a.
3
Let d be (-7 - (-987)/6)/((-2)/(-4)). Let z = 558 - d. Calculate the highest common divisor of z and 81.
81
Let y = -363 - -349. Let c be (y - -10 - -5)/(2/16). Calculate the highest common divisor of c and 376.
8
Let c = -494 - -605. Suppose -15*t - 12 = -19*t. What is the greatest common divisor of t and c?
3
Let o = -327 - -991. Suppose 15*i - o = 416. What is the greatest common divisor of 288 and i?
72
Let a = 282 + -267. Let v be (54/a)/((-4)/(-80)). What is the greatest common divisor of 99 and v?
9
Let z = -377 + 214. Let b be z/(-3) - 8/(-12). Let x(f) = f**2 - 65*f + 561. Let o be x(55). Calculate the greatest common divisor of o and b.
11
Let z = 28643 + -11155. Calculate the greatest common divisor of 48 and z.
16
Let t = 20 + -9. Suppose -5*a = -5*y + 950, -3*y + a = -728 + 164. What is the greatest common divisor of y and t?
11
Let g be ((-3530)/15)/(33/9 + -3). Let t = -201 - g. Suppose -a + 3*s = -35, -2*s + s + 153 = 4*a. Calculate the highest common divisor of a and t.
38
Suppose -38*n + 19 = -33*n + 4*y, 25 = 3*n - y. What is the highest common factor of 7168 and n?
7
Let w(y) = 23 + 2*y - 6 + 30. Let a be w(-11). Suppose 6*z = 156 + 144. Calculate the greatest common factor of a and z.
25
Let b = 10 + -1. Let h = -993 + 1158. Let x = 264 - h. Calculate the greatest common divisor of x and b.
9
Suppose -o + 60 = 11*o. Let r(x) = 10*x**2 - 2*x + 1. Let f be -1 + 1 + -1 - (-2 - -3). Let i be r(f). Calculate the greatest common factor of i and o.
5
Let y be (4/(-6))/(8/(-7584)). Let w be 12 - (46/10 - 48/80). Calculate the highest common divisor of y and w.
8
Let a(p) = 71*p**2 + 7*p + 5. Let m be a(-4). Suppose 18*z - 3047 + 548 = -101*z. What is the greatest common divisor of m and z?
21
Suppose -4*r + r + 15 = 0, -p = -2*r + 598. Let z be (-1)/3 + p/(-9). Let a be (-2201 - -2188)*(0 + 2/(-1)). What is the highest common factor of z and a?
13
Let x(k) = 2*k**3 - 2*k**2 + 6*k. Let p be x(6). Let f(c) = c**2 - 104*c - 3758. Let h be f(-29). What is the highest common divisor of h and p?
99
Let s = 4 + 6. Suppose -y = -6*z + 58, 48 = 5*z + 2*y - 6. Let c be (z/(-6))/((-3)/342). Calculate the greatest common divisor of s and c.
10
Let w = 32011 - 31993. Calculate the highest common factor of 100 and w.
2
Let n = -147 - -187. Let a = -31 + n. Suppose -16 + 10 = -w. What is the greatest common divisor of a and w?
3
Let o = 16403 + -12595. What is the greatest common divisor of 357 and o?
119
Let z(t) = -t**2 - 9*t + 5. Let r be z(-16). Let x be 8/(-4 + 0) - r. Let c = 176 + -134. What is the greatest common factor of c and x?
21
Let p = -26 + 23. Let i be p - 126/(-3 + 1). Let h = i - 20. Calculate the greatest common divisor of h and 8.
8
Let t = -121 + 111. Let p be (t + 30/5)*(-2)/2. Suppose a - 50 = -3*b, p*b - 3*b - 110 = -3*a. What is the greatest common factor of a and 70?
35
Suppose -3*v = 4*u - 2*v - 12, -4*u = -2*v - 24. Let m be 125/u + 1 - (-3)/(-12). Let i = 334 + -254. What is the greatest common factor of i and m?
16
Let f(b) = -1457*b + 133. Let y be f(-1). Calculate the highest common divisor of y and 150.
30
Let f(o) = o**3 - 8*o**2 - 373*o - 70. Let l be f(27). Calculate the highest common factor of 60 and l.
10
Suppose -3*w + n = 5*n - 787, 2*w = -2*n + 524. Calculate the highest common factor of w and 63.
9
Let x(n) = 618*n + 13649. Let j be x(-22). Suppose 2*t - g = 2646, 4*t - g - 1321 = 3*t. Calculate the greatest common factor of t and j.
53
Let w(h) = 6*h**3 - 6*h**2 - 18*h - 3. Let v be w(8). What is the highest common factor of 21 and v?
21
Let z = 34289 + -22173. Calculate the highest common factor of z and 52.
52
Let o = 19090 - 9088. What is the highest common factor of 6 and o?
6
Let u be ((8 - 3) + -4)*(-2 - 2). Let y be 6/u*(-128)/12. Let a be (-2 + -22*1)/((-9)/6). Calculate the highest common factor of a and y.
16
Let z be (-2)/(((-2)/(-3))/((-8)/12)). Suppose 18*c - 15*c + z*x - 292 = 0, 5*c + x - 496 = 0. Calculate the highest common factor of c and 70.
10
Suppose 2 = -5*h + 19 + 78. Let b(m) = m**2 + 2*m. Let p be b(-2). Suppose 4*g - 3*g - 57 = p. Calculate the greatest common divisor of h and g.
19
Let a = 130 + -165. Let z(g) = -12*g - 330. Let s be z(a). Calculate the greatest common divisor of s and 54.
18
Let s(m) = m**2 - m - 16. Let a be s(-4). Suppose a*y - 126 = -5*y. What is the greatest common factor of y and 154?
14
Let h = -173 + 174. Suppose -5*o + 10 = d, 4*d + h - 107 = 2*o. What is the highest common divisor of d and 5?
5
Suppose -18 = -0*p - 2*p. Suppose 2*w - 5*a = -8 + 41, 4*w - 4*a = 84. Suppose -w - 21 = -5*h + d, h = -2*d + 9. What is the highest common divisor of h and p?
9
Suppose -5*x + 97 = 5*b - 418, 4*x - 415 = -5*b. Calculate the greatest common divisor of x and 60.
20
Let m = 444 - 404. Calculate the highest common factor of 696 and m.
8
Let y = -26 - -37. Suppose -5*h + 36 - y = 0. Suppose 4*c - 5*g - 172 = -3*g, 4*g = -h*c + 202. Calculate the highest common divisor of 168 and c.
42
Let i be (-303 + -3)*(-840)/540. What is the highest common factor of i and 104?
4
Let p be (-342)/285*(-10)/3. Suppose -5*m = 2*i - 712, 3*m - 3*i - i - 448 = 0. Let b be ((-10)/(-8))/(9/m). Calculate the greatest common factor of p and b.
4
Let k = -169 + 260. Let h(s) = 52*s + 36. Let z be h(2). Let i be 552/40 + (-7)/(z/16). What is the highest common divisor 